ase 10.
-1913479
343332102 (base 5) to base 4
11320221321
What is -25255610 (base 8) in base 13?
-120b271
Convert 28019 (base 13) to base 14.
1d332
Convert -17266 (base 14) to base 15.
-1233b
Convert b4b13 (base 12) to base 7.
2003550
What is 327200 (base 10) in base 3?
121121211112
1011131330 (base 4) to base 12
1187b8
What is -21211200110202 (base 3) in base 7?
-50262314
What is 13213102310 (base 4) in base 5?
1002332311
Convert 13275 (base 10) to base 6.
141243
Convert 54309 (base 10) to base 14.
15b13
What is 240a23 (base 12) in base 3?
1002120110100
Convert 79863 (base 11) to base 5.
12144003
Convert 16850a2 (base 11) to base 10.
2861762
Convert 3054123 (base 6) to base 11.
a0797
Convert 122331332110 (base 4) to base 8.
32757624
What is -1724534 (base 8) in base 12?
-2026a4
Convert 27628a (base 12) to base 11.
407052
Convert -d055 (base 16) to base 9.
-81138
23311130 (base 4) to base 16
bd5c
Convert -142000 (base 10) to base 3.
-21012210021
-1216620 (base 7) to base 16
-2617e
-44472 (base 9) to base 14
-aaa9
What is -21210420 (base 6) in base 9?
-1150283
Convert 592964 (base 13) to base 5.
1020311021
What is 1016056 (base 9) in base 3?
1000120001220
-2850302 (base 12) to base 4
-132301122302
What is -14010 (base 14) in base 3?
-2111202212
-85744 (base 11) to base 14
-33618
Convert -111001011101010100 (base 2) to base 9.
-387747
20340033 (base 5) to base 15
34c48
What is 1654403 (base 7) in base 5?
24411232
What is -65056602 (base 7) in base 4?
-111021132312
Convert -112aa98 (base 11) to base 9.
-3642244
What is 65744 (base 8) in base 9?
41788
Convert -312554313 (base 6) to base 3.
-101021022120100
What is -1222011012 (base 3) in base 4?
-21131132
What is -393a78 (base 13) in base 14?
-27c940
What is 1001000001001010000100 (base 2) in base 4?
21001022010
What is 616057 (base 11) in base 13?
288207
What is 1d6ec (base 15) in base 6?
2020440
-3a9044 (base 13) to base 10
-1419318
Convert -11213302102 (base 4) to base 11.
-917221
-108b63 (base 13) to base 6
-12213145
What is -5307406 (base 10) in base 6?
-305431154
What is -1052012 (base 7) in base 13?
-4743b
-1201102314 (base 5) to base 3
-12011220000222
Convert -25451517 (base 8) to base 6.
-321131435
What is -8e199 (base 15) in base 9?
-758780
110010130 (base 5) to base 9
784822
What is -1002043210 (base 6) in base 9?
-21131086
What is -10001000111101110 (base 2) in base 4?
-101013232
-152204243 (base 6) to base 16
-30a983
What is 80bf2 (base 16) in base 4?
2000233302
-2042417 (base 8) to base 13
-15c8ba
What is -1010000101011000010110 (base 2) in base 8?
-12053026
Convert 11100100100100010 (base 2) to base 14.
30910
Convert -63aa7 (base 15) to base 12.
-13304a
184189 (base 11) to base 3
112102012012
What is 1622233 (base 8) in base 9?
783126
What is 4b2690 (base 13) in base 6?
102403512
What is 2223688 (base 11) in base 16?
3b7fb9
Convert 32112113 (base 5) to base 6.
5440230
Convert -637483 (base 10) to base 5.
-130344413
-2172067 (base 8) to base 10
-586807
Convert -6707637 (base 8) to base 3.
-10101202200202
What is 26d18 (base 15) in base 9?
208635
What is -15442687 (base 10) in base 12?
-52088a7
-420406 (base 15) to base 9
-5814716
Convert 4120413 (base 5) to base 14.
1a5a7
Convert -4183b4 (base 15) to base 7.
-35325313
Convert face1 (base 16) to base 14.
1ca545
Convert -22020111202120 (base 3) to base 7.
-52140453
Convert 2364451 (base 7) to base 16.
49aa1
What is -10011001010001100 (base 2) in base 11?
-53a62
What is -2201325 (base 6) in base 4?
-122222111
-14102745 (base 8) to base 13
-87457a
What is -286920 (base 14) in base 3?
-2122012010111
What is 103032011132 (base 4) in base 9?
10428375
What is a5cc2e (base 15) in base 11?
44a9a66
What is -6393551 (base 11) in base 2?
-101010111010010100101110
Convert -43315341 (base 7) to base 14.
-6c50c8
What is 153504205 (base 6) in base 2?
1100011011101011001101
Convert 110100110101111000000 (base 2) to base 8.
6465700
What is 43c228 (base 15) in base 3?
20002010020002
Convert -61551112 (base 7) to base 15.
-6bc79d
Convert 232714 (base 16) to base 14.
43d7c8
25867121 (base 9) to base 2
110000100110011000001000
Convert -31422 (base 8) to base 6.
-140310
-5003464 (base 9) to base 14
-4d343c
210222023022 (base 4) to base 3
200002020100100
Convert -101100110000101101 (base 2) to base 9.
-308442
Convert -340344141 (base 5) to base 3.
-2211001012220
What is 1a55283 (base 12) in base 3?
101111211221100
Convert 10100001111011110 (base 2) to base 4.
110033132
40764 (base 12) to base 5
10142103
What is 487906 (base 12) in base 16?
11ec56
Convert -776578 (base 11) to base 6.
-42313520
Convert 5166493 (base 11) to base 3.
122011002210202
What is -1143ab (base 13) in base 3?
-202210102220
Convert 84dc (base 15) to base 16.
6dcb
Convert -52881 (base 15) to base 12.
-107604
59e80 (base 16) to base 13
cb805
Convert 11022200020122 (base 3) to base 5.
1041442104
What is 301030112223 (base 4) in base 14?
19d9827
What is 4976923 (base 12) in base 13?
2c81286
Convert 110011100010111000 (base 2) to base 3.
101201121120
Convert 2100211100101 (base 3) to base 4.
10302232000
Convert -aedd2 (base 15) to base 14.
-106bca
-4230224 (base 5) to base 15
-15e29
Convert a5163 (base 12) to base 16.
34c9b
-36b892 (base 13) to base 8
-5000243
Convert -22ba4a4 (base 13) to base 2.
-101000111100011001100011
10220230333 (base 4) to base 3
2021202001221
What is 39054 (base 13) in base 9?
170670
What is 14034445 (base 6) in base 8?
1630675
Convert -1429c8 (base 15) to base 6.
-32450342
What is -100001000111111 (base 2) in base 9?
-25233
464500 (base 7) to base 4
110110303
-12600434 (base 7) to base 5
-244104104
Convert 32410420 (base 5) to base 9.
464464
-258a523 (base 11) to base 3
-22102120122101
-5185241 (base 9) to base 15
-39b791
-3114001310 (base 5) to base 9
-13020512
-2220021202111 (base 3) to base 11
-9627a6
What is -2704224 (base 8) in base 9?
-1371754
Convert 23031310 (base 4) to base 2.
1011001101110100
What is -11202220111010 (base 3) in base 7?
-30365205
What is 904da (base 16) in base 2?
10010000010011011010
-663bd (base 14) to base 6
-5150455
Convert -10015223 (base 8) to base 2.
-1000000001101010010011
What is -2404324344 (base 5) in base 11?
-3146163
-c315 (base 15) to base 9
-62452
What is -3035177 (base 9) in base 12?
-66028a
-1110110001111101000100 (base 2) to base 3
-21021211222202
Convert -2121022220100 (base 3) to base 6.
-45400443
What is -4510344 (base 6) in base 11?
-145556
-122346 (base 9) to base 12
-36936
What is -540112 (base 12) in base 10?
-1327262
What is 411115333 (base 6) in base 12?
2442b49
What is 4422 (base 7) in base 16?
630
Convert c3517 (base 13) to base 11.
21a113
Convert 34306b (base 14) to base 12.
717573
What is -5277348 (base 10) in base 12?
-1926030
Convert 21002210020 (base 3) to base 14.
38d48
What is -2001043304 (base 5) in base 2?
-1110111110001101011101
Convert -7831277 (base 9) to base 6.
-230145111
Convert 10310134030 (base 5) to base 13.
238b5b0
-28b1 (base 12) to base 9
-6447
Convert -579b2c (base 15) to base 7.
-50364444
What is -34aa8b (base 13) in base 16?
-131a3a
What is 210461 (base 12) in base 13?
15233b
Convert 525435 (base 7) to base 5.
10401044
948b50 (base 12) to base 3
11101202222220
What is b320d (base 15) in base 9?
1054364
Convert 3564514 (base 7) to base 5.
103444031
What is -43237643 (base 8) in base 3?
-122102022000221
What is 443999 (base 10) in base 5?
103201444
Convert 910639 (base 15) to base 14.
cb38a0
What is -10001122200010 (base 3) in base 13?
-44c673
What is 2623773 (base 9) in base 14?
2943b8
-40030443 (base 6) to base 14
-213799
Convert 57724 (base 13) to base 10.
159397
Convert -10202220002 (base 4) to base 11.
-743404
22113063 (base 7) to base 6
104440350
11001221221 (base 3) to base 2
10011100100100001
What is -24224266 (base 7) in base 8?
-10166060
13130102333 (base 4) to base 11
1112826
What is 7764864 (base 11) in base 6?
1203551032
What is 114211543 (base 6) in base 16?
2102f7
Convert -3324a (base 11) to base 5.
-3020322
123213323 (base 4) to base 7
650606
Convert -2858576 (base 9) to base 14.
-2cda81
What is 497bb0 (base 16) in base 7?
55635132
What is 31300203 (base 4) in base 9?
85266
10657 (base 10) to base 4
2212201
1111000110001001110 (base 2) to base 6
14334050
What is -40509 (